actor of 46847?
False
Is 1500 a multiple of 30?
True
Is 15 a factor of 352?
False
Is 1443 a multiple of 46?
False
Does 29 divide 85463?
True
Does 4 divide 410?
False
Is 335 a multiple of 20?
False
Is 53 a factor of 848?
True
Does 2 divide 121?
False
Does 25 divide 25360?
False
Is 14 a factor of 493?
False
Is 20460 a multiple of 33?
True
Is 18 a factor of 8766?
True
Does 28 divide 757?
False
Is 4 a factor of 540?
True
Is 15 a factor of 411?
False
Is 33581 a multiple of 9?
False
Is 24400 a multiple of 16?
True
Does 24 divide 9120?
True
Is 871 a multiple of 44?
False
Is 51 a factor of 8777?
False
Is 1540 a multiple of 28?
True
Is 272 a factor of 35616?
False
Does 5 divide 144?
False
Is 24 a factor of 1257?
False
Is 3 a factor of 53?
False
Does 31 divide 1271?
True
Is 5497 a multiple of 23?
True
Is 13274 a multiple of 16?
False
Is 2484 a multiple of 2?
True
Is 26 a factor of 936?
True
Is 57 a factor of 3194?
False
Is 36 a multiple of 18?
True
Is 2482 a multiple of 66?
False
Is 14 a factor of 1414?
True
Is 52863 a multiple of 51?
False
Does 95 divide 15000?
False
Is 27 a factor of 54?
True
Is 1024 a multiple of 16?
True
Is 4553 a multiple of 28?
False
Is 108 a multiple of 6?
True
Is 3191 a multiple of 21?
False
Is 33 a factor of 891?
True
Is 170 a multiple of 17?
True
Does 22 divide 703?
False
Is 49355 a multiple of 244?
False
Is 9 a factor of 4833?
True
Does 11 divide 119?
False
Is 9479 a multiple of 11?
False
Does 179 divide 68764?
False
Is 260 a multiple of 26?
True
Is 16008 a multiple of 58?
True
Is 32 a factor of 6624?
True
Is 8 a factor of 147?
False
Does 19 divide 67640?
True
Is 152 a factor of 1216?
True
Does 40 divide 980?
False
Is 27830 a multiple of 242?
True
Is 63 a factor of 2811?
False
Does 7 divide 21?
True
Is 1268 a multiple of 14?
False
Is 7 a factor of 14560?
True
Is 85050 a multiple of 243?
True
Does 10 divide 6986?
False
Is 2 a factor of 1041?
False
Is 389 a factor of 49126?
False
Is 91 a multiple of 18?
False
Does 7 divide 2671?
False
Is 46 a factor of 13248?
True
Is 3028 a multiple of 20?
False
Does 22 divide 16588?
True
Is 85 a factor of 10880?
True
Does 173 divide 11569?
False
Does 60 divide 2040?
True
Is 35 a factor of 420?
True
Does 48 divide 1023?
False
Is 46686 a multiple of 31?
True
Is 12 a factor of 11467?
False
Does 90 divide 102690?
True
Is 24760 a multiple of 20?
True
Is 3724 a multiple of 26?
False
Is 11413 a multiple of 21?
False
Is 9 a factor of 3698?
False
Is 18 a factor of 24?
False
Does 8 divide 2658?
False
Is 35344 a multiple of 99?
False
Does 23 divide 1932?
True
Is 90 a factor of 126?
False
Is 17636 a multiple of 14?
False
Is 20 a factor of 4203?
False
Does 30 divide 33151?
False
Is 900 a multiple of 75?
True
Is 1085 a multiple of 18?
False
Is 13 a factor of 493?
False
Is 967 a multiple of 36?
False
Is 26 a factor of 17212?
True
Is 7 a factor of 987?
True
Does 50 divide 19750?
True
Is 50 a factor of 4465?
False
Is 35 a factor of 779?
False
Does 2 divide 102?
True
Is 71470 a multiple of 14?
True
Is 576 a multiple of 23?
False
Does 46 divide 1886?
True
Is 65 a factor of 1625?
True
Is 8353 a multiple of 65?
False
Is 30902 a multiple of 9?
False
Does 30 divide 485?
False
Is 55189 a multiple of 32?
False
Is 158 a factor of 296?
False
Is 42 a factor of 18344?
False
Is 20925 a multiple of 31?
True
Is 66075 a multiple of 48?
False
Is 60 a factor of 4320?
True
Is 178 a factor of 4598?
False
Is 162 a multiple of 54?
True
Is 4 a factor of 265?
False
Does 29 divide 1534?
False
Does 13 divide 1977?
False
Is 260 a multiple of 13?
True
Is 11 a factor of 1221?
True
Does 16 divide 2415?
False
Is 2564 a multiple of 63?
False
Does 53 divide 3527?
False
Is 1703 a multiple of 14?
False
Is 394 a multiple of 20?
False
Is 5 a factor of 6532?
False
Does 95 divide 13585?
True
Does 12 divide 1794?
False
Is 509 a multiple of 11?
False
Is 24 a factor of 1651?
False
Is 694 even?
True
Does 77 divide 2671?
False
Is 470 a multiple of 28?
False
Is 17 a factor of 1190?
True
Is 3176 a multiple of 5?
False
Is 484 a multiple of 4?
True
Does 14 divide 11284?
True
Does 76 divide 22648?
True
Is 7 a factor of 10278?
False
Is 38441 a multiple of 19?
False
Is 966 a multiple of 27?
False
Is 30 a multiple of 3?
True
Is 27389 a multiple of 8?
False
Is 78387 a multiple of 53?
True
Is 60 a factor of 7080?
True
Is 2160 a multiple of 108?
True
Does 81 divide 3675?
False
Does 20 divide 8833?
False
Is 17 a factor of 2652?
True
Is 592 a multiple of 16?
True
Does 16 divide 799?
False
Is 29180 a multiple of 5?
True
Does 22 divide 84788?
True
Is 18 a factor of 71271?
False
Is 4332 a multiple of 12?
True
Is 80 a factor of 960?
True
Is 26 a factor of 13156?
True
Is 6 a factor of 96?
True
Is 4560 a multiple of 48?
True
Is 16 a factor of 645?
False
Does 5 divide 676?
False
Is 29 a factor of 754?
True
Is 65 a factor of 8125?
True
Is 15 a factor of 32925?
True
Does 6 divide 12?
True
Is 350 a multiple of 35?
True
Is 1446 a multiple of 28?
False
Is 23 a factor of 7613?
True
Is 238 a multiple of 7?
True
Is 6 a factor of 2864?
False
Does 14 divide 7644?
True
Does 4 divide 438?
False
Does 4 divide 288?
True
Does 34 divide 383?
False
Is 14 a factor of 18554?
False
Is 12 a factor of 3876?
True
Does 102 divide 48144?
True
Is 65 a factor of 9020?
False
Is 24102 a multiple of 309?
True
Is 29 a factor of 630?
False
Does 9 divide 1140?
False
Does 139 divide 17001?
False
Is 20 a factor of 660?
True
Is 6709 a multiple of 68?
False
Does 14 divide 68712?
True
Does 79 divide 15675?
False
Is 6396 a multiple of 4?
True
Does 41 divide 20951?
True
Does 122 divide 17482?
False
Does 11 divide 10637?
True
Is 65 a multiple of 25?
False
Does 11 divide 8767?
True
Does 73 divide 24820?
True
Does 33 divide 13761?
True
Does 45 divide 13233?
False
Is 7 a factor of 29358?
True
Is 702 a multiple of 39?
True
Is 50 a factor of 45750?
True
Is 22 a factor of 2847?
False
Is 597 a multiple of 29?
False
Is 5 a factor of 765?
True
Is 9 a factor of 434?
False
Is 8 a factor of 8944?
True
Is 749 a multiple of 22?
False
Is 27 a factor of 2133?
True
Does 9 divide 81?
True
Does 24 divide 3461?
False
Does 13 divide 996?
False
Is 11 a factor of 825?
True
Is 9 a factor of 2690?
False
Is 694 a multiple of 7?
False
Does 18 divide 2518?
False
Does 34 divide 12444?
True
Is 42 a factor of 42408?
False
Is 43983 a multiple of 243?
True
Is 532 a multiple of 19?
True
Is 55 a factor of 485?
False
Is 229 a multiple of 3?
False
Is 1392 a multiple of 174?
True
Does 20 divide 857?
False
Does 17 divide 153?
True
Does 12 divide 18669?
False
Is 14800 a multiple of 20?
True
Is 35 a factor of 490?
True
Does 272 divide 41616?
True
Is 2394 a multiple of 57?
True
Is 10 a factor of 3070?
True
Does 19 divide 3515?
True
Is 1863 a multiple of 69?
True
Is 4 a factor of 812?
True
Does 30 divide 11867?
False
Is 2661 a multiple of 11?
False
Is 5325 a multiple of 15?
True
Does 4 divide 1992?
True
Is 5 a factor of 1893?
False
Does 49 divide 779?
False
Does 13 divide 510?
False
Does 9 divide 25497?
True
Does 6 divide 386?
False
Is 21164 a multiple of 52?
True
Is 339 a multiple of 12?
False
Does 71 divide 90667?
True
Is 10388 a multiple of 8?
False
Is 92 a factor of 920?
True
Is 30 a factor of 44?
False
Does 132 divide 1192?
False
Is 10 a factor of 77?
False
Is 2992 a multiple of 187?
True
Does 78 divide 13494?
True
Is 519 a multiple of 6?
False
Is 1723 a multiple of 51?
False
Is 3546 a multiple of 5?
False
Is 4 a factor of 604?
True
Is 300 a factor of 51600?
True
Is 61 a factor of 11346?
True
Is 14392 a multiple of 28?
True
Is 17 a factor of 5063?
False
Is 665 a multiple of 11?
False
Is 3 a factor of 117?
True
Does 19 divide 50?
False
Is 880 a multiple of 11?
True
Does 3 divide 239?
False
Is 306 a factor of 41310?
True
Does 19 divide 21136?
False
Is 18 a factor of 5598?
True
Is 72497 a multiple of 41?
False
Is 18876 a multiple of 44?
True
Is 14 a factor of 1414?
True
Does 13 divide 525?
False
Does 9 divide 48?
False
Is 20475 a multiple of 63?
True
Does 79 divide 20627?
False
Is 877 a multiple of 19?
False
Does 14 divide 15064?
True
Is 14 a factor of 4116?
True
Is 3 a factor of 41?
False
Is 23 a factor of 1955?
True
Is 66 a factor of 1125?
False
Does 62 divide 868?
True
Is 222 a factor of 90205?
False
Is 10954 a multiple of 135?
False
Is 574 a mu